{"id":115,"date":"2016-03-20T22:12:32","date_gmt":"2016-03-20T21:12:32","guid":{"rendered":"http:\/\/lagrasseay.cluster011.ovh.net\/?page_id=115"},"modified":"2023-02-22T14:27:44","modified_gmt":"2023-02-22T13:27:44","slug":"les-commerces","status":"publish","type":"page","link":"http:\/\/www.lagrasse.fr\/?page_id=115","title":{"rendered":"Les Commerces"},"content":{"rendered":"<p>[vc_row][vc_column][vc_custom_heading text=\u00a0\u00bbLes Commerces\u00a0\u00bb font_container=\u00a0\u00bbtag:h2|text_align:left|color:%231682a3&Prime; google_fonts=\u00a0\u00bbfont_family:Arimo%3Aregular%2Citalic%2C700%2C700italic|font_style:400%20regular%3A400%3Anormal\u00a0\u00bb][vc_separator][\/vc_column][\/vc_row][vc_row full_width=\u00a0\u00bbstretch_row_content\u00a0\u00bb][vc_column width=\u00a0\u00bb1\/6&Prime;]<div class=\"team team_circle\"><div class=\"image_frame no_link scale-with-grid\"><div class=\"image_wrapper\"><img decoding=\"async\" class=\"scale-with-grid\" src=\"\" alt=\"\" width=\"\" height=\"\"\/><\/div><\/div><div class=\"desc_wrapper\"><h4>Antiquit\u00e9 Brocante<\/h4><p class=\"phone\"><i class=\"icon-phone\"><\/i> <a href=\"tel:06 43 71 43 70\">06 43 71 43 70<\/a><\/p><hr class=\"hr_color\" \/><div class=\"desc\">10 boulevard de la promenade 11220 LAGRASSE<\/div><div class=\"links\"><\/div><\/div><\/div>\n[\/vc_column][vc_column width=\u00a0\u00bb1\/6&Prime;]<div class=\"team team_circle\"><div class=\"image_frame no_link scale-with-grid\"><div class=\"image_wrapper\"><img decoding=\"async\" class=\"scale-with-grid\" src=\"\" alt=\"\" width=\"\" height=\"\"\/><\/div><\/div><div class=\"desc_wrapper\"><h4>Boulangerie Patisserie<\/h4><p class=\"subtitle\">Hors saison: tous les jours de 7h \u00e0 12h30 et de 16h \u00e0 19h \/ En saison: tous les jours de 6h30 \u00e0 20h.<\/p><p class=\"phone\"><i class=\"icon-phone\"><\/i> <a href=\"tel:04 68 43 10 67\">04 68 43 10 67<\/a><\/p><hr class=\"hr_color\" \/><div class=\"desc\">23 boulevard de la promenade 11220 LAGRASSE<\/div><div class=\"links\"><\/div><\/div><\/div>\n[\/vc_column][vc_column width=\u00a0\u00bb1\/6&Prime;]<div class=\"team team_circle\"><div class=\"image_frame no_link scale-with-grid\"><div class=\"image_wrapper\"><img decoding=\"async\" class=\"scale-with-grid\" src=\"\" alt=\"\" width=\"\" height=\"\"\/><\/div><\/div><div class=\"desc_wrapper\"><h4>Epicerie La Lagrassienne<\/h4><p class=\"subtitle\">Toute l'ann\u00e9e: lundi de 16h \u00e0 19h \/ Mardi au samedi de 9h \u00e0 12h30 et de 16h \u00e0 19h \/ Dimanche de 9h \u00e0 12h30.<\/p><p class=\"phone\"><i class=\"icon-phone\"><\/i> <a href=\"tel:04 68 43 10 89\">04 68 43 10 89<\/a><\/p><hr class=\"hr_color\" \/><div class=\"desc\">Boulevard de la Promenade 11220 LAGRASSE<\/div><div class=\"links\"><\/div><\/div><\/div>\n[\/vc_column][vc_column width=\u00a0\u00bb1\/6&Prime;]<div class=\"team team_circle\"><div class=\"image_frame no_link scale-with-grid\"><div class=\"image_wrapper\"><img decoding=\"async\" class=\"scale-with-grid\" src=\"\" alt=\"\" width=\"\" height=\"\"\/><\/div><\/div><div class=\"desc_wrapper\"><h4>Maison Du Terroir<\/h4><p class=\"subtitle\">ouverture : avril \u00e0 octobre Ouvert tous les jours de 10h \u00e0 12h30 et de 15h \u00e0 19h. Vacances No\u00ebl et 1er de l'an : Ouvert tous les jours de 10h \u00e0 12h30 et de 15h \u00e0 19h. Fermeture janvier et f\u00e9vrier.<\/p><p class=\"phone\"><i class=\"icon-phone\"><\/i> <a href=\"tel:04 68 43 11 43\">04 68 43 11 43<\/a><\/p><hr class=\"hr_color\" \/><div class=\"desc\">boulevard de la Promenade 11220 LAGRASSE<\/div><div class=\"links\"><\/div><\/div><\/div>\n[\/vc_column][vc_column width=\u00a0\u00bb1\/6&Prime;]<div class=\"team team_circle\"><div class=\"image_frame no_link scale-with-grid\"><div class=\"image_wrapper\"><img decoding=\"async\" class=\"scale-with-grid\" src=\"\" alt=\"\" width=\"\" height=\"\"\/><\/div><\/div><div class=\"desc_wrapper\"><h4>Salon de Coiffure<\/h4><p class=\"subtitle\">Ouvert tous les jours de 9h \u00e0 19h (sauf mercredi et dimanche).<\/p><p class=\"phone\"><i class=\"icon-phone\"><\/i> <a href=\"tel:04 68 43 11 80\">04 68 43 11 80<\/a><\/p><hr class=\"hr_color\" \/><div class=\"desc\">34 boulevard de la Promenade 11220 LAGRASSE<\/div><div class=\"links\"><\/div><\/div><\/div>\n[\/vc_column][vc_column width=\u00a0\u00bb1\/6&Prime;]<div class=\"team team_circle\"><div class=\"image_frame no_link scale-with-grid\"><div class=\"image_wrapper\"><img decoding=\"async\" class=\"scale-with-grid\" src=\"\" alt=\"\" width=\"\" height=\"\"\/><\/div><\/div><div class=\"desc_wrapper\"><h4>Superette L'Ancoule<\/h4><p class=\"subtitle\">Ouvert tous les jours: de 9h \u00e0 12h et de 16h \u00e0 19h (fermeture le dimanche apr\u00e8s-midi).<\/p><p class=\"phone\"><i class=\"icon-phone\"><\/i> <a href=\"tel:04 68 43 13 92\">04 68 43 13 92<\/a><\/p><hr class=\"hr_color\" \/><div class=\"desc\">Place de l&rsquo;Ancoule 11220 LAGRASSE<\/div><div class=\"links\"><\/div><\/div><\/div>\n[\/vc_column][\/vc_row][vc_row full_width=\u00a0\u00bbstretch_row_content\u00a0\u00bb][vc_column width=\u00a0\u00bb1\/6&Prime;]<div class=\"team team_circle\"><div class=\"image_frame no_link scale-with-grid\"><div class=\"image_wrapper\"><img decoding=\"async\" class=\"scale-with-grid\" src=\"\" alt=\"\" width=\"\" height=\"\"\/><\/div><\/div><div class=\"desc_wrapper\"><h4>Tabac-Presse-Loto-Librairie<\/h4><p class=\"subtitle\">Fermeture le mercredi toute la journ\u00e9e et le dimanche apr\u00e8s-midi<\/p><p class=\"phone\"><i class=\"icon-phone\"><\/i> <a href=\"tel:04 68 49 02 77\">04 68 49 02 77<\/a><\/p><hr class=\"hr_color\" \/><div class=\"desc\">25 boulevard de la promenade 11220 LAGRASSE<\/div><div class=\"links\"><\/div><\/div><\/div>\n[\/vc_column][vc_column width=\u00a0\u00bb1\/6&Prime;]<div class=\"team team_circle\"><div class=\"image_frame no_link scale-with-grid\"><div class=\"image_wrapper\"><a href=\"http:\/\/www.vinaigrescodina.com\" ><img decoding=\"async\" class=\"scale-with-grid\" src=\"http:\/\/www.lagrasse.fr\/wp-content\/uploads\/2016\/03\/1900-e1624351022829.jpg\" alt=\"\" width=\"\" height=\"\"\/><\/a><\/div><\/div><div class=\"desc_wrapper\"><h4><a href=\"http:\/\/www.vinaigrescodina.com\" >Vinaigrerie le 1900<\/a><\/h4><p class=\"subtitle\">Ouvert toute l'ann\u00e9e de 11h \u00e0 18h, 7 jours sur 7. Ferm\u00e9 uniquement le 25 D\u00e9cembre et le 1er Janvier.<\/p><p class=\"phone\"><i class=\"icon-phone\"><\/i> <a href=\"tel:04 68 75 83 66\">04 68 75 83 66<\/a><\/p><hr class=\"hr_color\" \/><div class=\"desc\">16 boulevard de la Promenade 11220 LAGRASSE<\/div><div class=\"links\"><a href=\"mailto:vinaigrerie.cc@gmail.com\" class=\"icon_bar icon_bar_small\"><span class=\"t\"><i class=\"icon-mail\"><\/i><\/span><span class=\"b\"><i class=\"icon-mail\"><\/i><\/span><\/a><a target=\"_blank\" href=\"https:\/\/www.facebook.com\/VinaigrerieLagrasse\/\" class=\"icon_bar icon_bar_small\"><span class=\"t\"><i class=\"icon-facebook\"><\/i><\/span><span class=\"b\"><i class=\"icon-facebook\"><\/i><\/span><\/a><\/div><\/div><\/div>\n[\/vc_column][vc_column width=\u00a0\u00bb1\/6&Prime;]<div class=\"team team_circle\"><div class=\"image_frame no_link scale-with-grid\"><div class=\"image_wrapper\"><img decoding=\"async\" class=\"scale-with-grid\" src=\"\" alt=\"\" width=\"\" height=\"\"\/><\/div><\/div><div class=\"desc_wrapper\"><h4>Librairie  EPCC Les Arts de Lire \u2013 Abbaye de Lagrasse<\/h4><p class=\"subtitle\">Ouverture : du 1er avril au 30 septembre :  Ouvert tous les jours de 10h \u00e0 19h.  Du 1er octobre au 23 d\u00e9cembre et du 1er f\u00e9vrier au 31 mars : Ouvert du lundi au samedi de 10h \u00e0 17h.  <\/p><p class=\"phone\"><i class=\"icon-phone\"><\/i> <a href=\"tel:04 68 43 15 99\">04 68 43 15 99<\/a><\/p><hr class=\"hr_color\" \/><div class=\"desc\"> EPCC Les arts de lire &#8211; Abbaye de Lagrasse  4 rive gauche &#8211; 11220 LAGRASSE <\/div><div class=\"links\"><a href=\"mailto:contact@lesartsdelire.fr \" class=\"icon_bar icon_bar_small\"><span class=\"t\"><i class=\"icon-mail\"><\/i><\/span><span class=\"b\"><i class=\"icon-mail\"><\/i><\/span><\/a><\/div><\/div><\/div>\n[\/vc_column][vc_column width=\u00a0\u00bb1\/6&Prime;][\/vc_column][vc_column width=\u00a0\u00bb1\/6&Prime;][\/vc_column][vc_column width=\u00a0\u00bb1\/6&Prime;][\/vc_column][\/vc_row]<\/p>\n","protected":false},"excerpt":{"rendered":"<p>[vc_row][vc_column][vc_custom_heading text=\u00a0\u00bbLes Commerces\u00a0\u00bb font_container=\u00a0\u00bbtag:h2|text_align:left|color:%231682a3&Prime; google_fonts=\u00a0\u00bbfont_family:Arimo%3Aregular%2Citalic%2C700%2C700italic|font_style:400%20regular%3A400%3Anormal\u00a0\u00bb][vc_separator][\/vc_column][\/vc_row][vc_row full_width=\u00a0\u00bbstretch_row_content\u00a0\u00bb][vc_column width=\u00a0\u00bb1\/6&Prime;][\/vc_column][vc_column width=\u00a0\u00bb1\/6&Prime;][\/vc_column][vc_column width=\u00a0\u00bb1\/6&Prime;][\/vc_column][vc_column width=\u00a0\u00bb1\/6&Prime;][\/vc_column][vc_column width=\u00a0\u00bb1\/6&Prime;][\/vc_column][vc_column width=\u00a0\u00bb1\/6&Prime;][\/vc_column][\/vc_row][vc_row full_width=\u00a0\u00bbstretch_row_content\u00a0\u00bb][vc_column width=\u00a0\u00bb1\/6&Prime;][\/vc_column][vc_column width=\u00a0\u00bb1\/6&Prime;][\/vc_column][vc_column width=\u00a0\u00bb1\/6&Prime;][\/vc_column][vc_column width=\u00a0\u00bb1\/6&Prime;][\/vc_column][vc_column width=\u00a0\u00bb1\/6&Prime;][\/vc_column][vc_column width=\u00a0\u00bb1\/6&Prime;][\/vc_column][\/vc_row]<\/p>\n","protected":false},"author":1,"featured_media":0,"parent":285,"menu_order":0,"comment_status":"closed","ping_status":"closed","template":"","meta":{"footnotes":""},"class_list":["post-115","page","type-page","status-publish","hentry"],"_links":{"self":[{"href":"http:\/\/www.lagrasse.fr\/index.php?rest_route=\/wp\/v2\/pages\/115"}],"collection":[{"href":"http:\/\/www.lagrasse.fr\/index.php?rest_route=\/wp\/v2\/pages"}],"about":[{"href":"http:\/\/www.lagrasse.fr\/index.php?rest_route=\/wp\/v2\/types\/page"}],"author":[{"embeddable":true,"href":"http:\/\/www.lagrasse.fr\/index.php?rest_route=\/wp\/v2\/users\/1"}],"replies":[{"embeddable":true,"href":"http:\/\/www.lagrasse.fr\/index.php?rest_route=%2Fwp%2Fv2%2Fcomments&post=115"}],"version-history":[{"count":12,"href":"http:\/\/www.lagrasse.fr\/index.php?rest_route=\/wp\/v2\/pages\/115\/revisions"}],"predecessor-version":[{"id":2390,"href":"http:\/\/www.lagrasse.fr\/index.php?rest_route=\/wp\/v2\/pages\/115\/revisions\/2390"}],"up":[{"embeddable":true,"href":"http:\/\/www.lagrasse.fr\/index.php?rest_route=\/wp\/v2\/pages\/285"}],"wp:attachment":[{"href":"http:\/\/www.lagrasse.fr\/index.php?rest_route=%2Fwp%2Fv2%2Fmedia&parent=115"}],"curies":[{"name":"wp","href":"https:\/\/api.w.org\/{rel}","templated":true}]}}