{"id":292,"date":"2016-11-10T11:14:32","date_gmt":"2016-11-10T10:14:32","guid":{"rendered":"http:\/\/lagrasseay.cluster011.ovh.net\/?page_id=292"},"modified":"2022-01-12T11:09:05","modified_gmt":"2022-01-12T10:09:05","slug":"sante","status":"publish","type":"page","link":"http:\/\/www.lagrasse.fr\/?page_id=292","title":{"rendered":"Sant\u00e9"},"content":{"rendered":"<p>[vc_row][vc_column width=\u00a0\u00bb1\/4&Prime;]<div class=\"team team_vertical\"><div class=\"image_frame no_link scale-with-grid\"><div class=\"image_wrapper\"><img decoding=\"async\" class=\"scale-with-grid\" src=\"\" alt=\"\" width=\"\" height=\"\"\/><\/div><\/div><div class=\"desc_wrapper\"><h4>Dr H. Banastier<\/h4><p class=\"subtitle\">M\u00e9decin g\u00e9n\u00e9raliste<\/p><p class=\"phone\"><i class=\"icon-phone\"><\/i> <a href=\"tel:04 68 91 83 38\">04 68 91 83 38<\/a><\/p><hr class=\"hr_color\" \/><div class=\"desc\">12 Place de la Halle 11220 Lagrasse<\/div><div class=\"links\"><\/div><\/div><\/div>\n[\/vc_column][vc_column width=\u00a0\u00bb1\/4&Prime;]<div class=\"team team_vertical\"><div class=\"image_frame no_link scale-with-grid\"><div class=\"image_wrapper\"><img decoding=\"async\" class=\"scale-with-grid\" src=\"\" alt=\"\" width=\"\" height=\"\"\/><\/div><\/div><div class=\"desc_wrapper\"><h4>Dr V. Poullet<\/h4><p class=\"subtitle\">M\u00e9decin g\u00e9n\u00e9raliste<\/p><p class=\"phone\"><i class=\"icon-phone\"><\/i> <a href=\"tel:04 68 43 15 52\">04 68 43 15 52<\/a><\/p><hr class=\"hr_color\" \/><div class=\"desc\">2 bis Bd de la Promenade 11220 Lagrasse<\/div><div class=\"links\"><\/div><\/div><\/div>\n[\/vc_column][vc_column width=\u00a0\u00bb1\/4&Prime;]<div class=\"team team_vertical\"><div class=\"image_frame no_link scale-with-grid\"><div class=\"image_wrapper\"><img decoding=\"async\" class=\"scale-with-grid\" src=\"\" alt=\"\" width=\"\" height=\"\"\/><\/div><\/div><div class=\"desc_wrapper\"><h4>A. de Sousa \/ S. Dufour<\/h4><p class=\"subtitle\">Infirmi\u00e8res<\/p><p class=\"phone\"><i class=\"icon-phone\"><\/i> <a href=\"tel:04 68 43 12 28\">04 68 43 12 28<\/a><\/p><hr class=\"hr_color\" \/><div class=\"desc\"><\/div><div class=\"links\"><\/div><\/div><\/div>\n[\/vc_column][vc_column width=\u00a0\u00bb1\/4&Prime;]<div class=\"team team_vertical\"><div class=\"image_frame no_link scale-with-grid\"><div class=\"image_wrapper\"><img decoding=\"async\" class=\"scale-with-grid\" src=\"\" alt=\"\" width=\"\" height=\"\"\/><\/div><\/div><div class=\"desc_wrapper\"><h4>Pharmacie<\/h4><p class=\"subtitle\">M. DELMAS<\/p><p class=\"phone\"><i class=\"icon-phone\"><\/i> <a href=\"tel:04 68 43 10 15\">04 68 43 10 15<\/a><\/p><hr class=\"hr_color\" \/><div class=\"desc\">25, Bd de la Promenade 11220 Lagrasse<\/div><div class=\"links\"><\/div><\/div><\/div>\n[\/vc_column][\/vc_row][vc_row][vc_column width=\u00a0\u00bb1\/4&Prime;]<div class=\"team team_vertical\"><div class=\"image_frame no_link scale-with-grid\"><div class=\"image_wrapper\"><img decoding=\"async\" class=\"scale-with-grid\" src=\"\" alt=\"\" width=\"\" height=\"\"\/><\/div><\/div><div class=\"desc_wrapper\"><h4>SAMU<\/h4><p class=\"phone\"><i class=\"icon-phone\"><\/i> <a href=\"tel:15\">15<\/a><\/p><hr class=\"hr_color\" \/><div class=\"desc\"><\/div><div class=\"links\"><\/div><\/div><\/div>\n[\/vc_column][vc_column width=\u00a0\u00bb1\/4&Prime;]<div class=\"team team_vertical\"><div class=\"image_frame no_link scale-with-grid\"><div class=\"image_wrapper\"><img decoding=\"async\" class=\"scale-with-grid\" src=\"\" alt=\"\" width=\"\" height=\"\"\/><\/div><\/div><div class=\"desc_wrapper\"><h4>Gendarmerie<\/h4><p class=\"phone\"><i class=\"icon-phone\"><\/i> <a href=\"tel:17\">17<\/a><\/p><hr class=\"hr_color\" \/><div class=\"desc\"><\/div><div class=\"links\"><\/div><\/div><\/div>\n[\/vc_column][vc_column width=\u00a0\u00bb1\/4&Prime;]<div class=\"team team_vertical\"><div class=\"image_frame no_link scale-with-grid\"><div class=\"image_wrapper\"><img decoding=\"async\" class=\"scale-with-grid\" src=\"\" alt=\"\" width=\"\" height=\"\"\/><\/div><\/div><div class=\"desc_wrapper\"><h4>Pompiers<\/h4><p class=\"phone\"><i class=\"icon-phone\"><\/i> <a href=\"tel:18 ou 112\">18 ou 112<\/a><\/p><hr class=\"hr_color\" \/><div class=\"desc\"><\/div><div class=\"links\"><\/div><\/div><\/div>\n[\/vc_column][vc_column width=\u00a0\u00bb1\/4&Prime;]<div class=\"team team_vertical\"><div class=\"image_frame no_link scale-with-grid\"><div class=\"image_wrapper\"><img decoding=\"async\" class=\"scale-with-grid\" src=\"\" alt=\"\" width=\"\" height=\"\"\/><\/div><\/div><div class=\"desc_wrapper\"><h4>Num\u00e9ro D'Urgence<\/h4><p class=\"phone\"><i class=\"icon-phone\"><\/i> <a href=\"tel:112\">112<\/a><\/p><hr class=\"hr_color\" \/><div class=\"desc\"><\/div><div class=\"links\"><\/div><\/div><\/div>\n[\/vc_column][\/vc_row][vc_row][vc_column width=\u00a0\u00bb1\/2&Prime;][vc_column_text]&nbsp;<\/p>\n<h4>Intervention ENEDIS<\/h4>\n<p>ENEDIS est le gestionnaire de r\u00e9seau \u00e9lectrique en France, \u00e0 ne pas confondre avec\u00a0<a href=\"https:\/\/www.kelwatt.fr\/fournisseurs\/edf\" target=\"_blank\" rel=\"noopener\">EDF, le fournisseur historique d&rsquo;\u00e9lectricit\u00e9<\/a>.\u00a0 Le gestionnaire de r\u00e9seau Enedis ( ex ERDF ) \u00e0 3 missions principales, l\u2019entretien et le d\u00e9veloppement du r\u00e9seau sur 95% du territoire Fran\u00e7ais, l\u2019intervention en cas de panne et la mise en place de nouveau raccordement ou de raccordement provisoire. Contactez le 09 72 67 50 11 en cas d\u2019urgence ou de besoin de d\u00e9pannage. Un technicien interviendra au plus vite.<br \/>\nENEDIS n\u2019intervient pas pour les souscriptions ou r\u00e9siliations de contrats. Vous devez contacter un fournisseur. Si vous souhaitez un contrat d&rsquo;\u00e9lectricit\u00e9 pour votre logement, il est conseill\u00e9 d\u2019<a href=\"https:\/\/selectra.info\/energie\" target=\"_blank\" rel=\"noopener\">utiliser un comparateur d&rsquo;\u00e9nergie<\/a>\u00a0pour conna\u00eetre toutes les offres.[\/vc_column_text]<div class=\"team team_vertical\"><div class=\"image_frame no_link scale-with-grid\"><div class=\"image_wrapper\"><img decoding=\"async\" class=\"scale-with-grid\" src=\"\" alt=\"\" width=\"\" height=\"\"\/><\/div><\/div><div class=\"desc_wrapper\"><p class=\"phone\"><i class=\"icon-phone\"><\/i> <a href=\"tel:09 72 67 50 11\">09 72 67 50 11<\/a><\/p><hr class=\"hr_color\" \/><div class=\"desc\"><\/div><div class=\"links\"><\/div><\/div><\/div>\n[\/vc_column][vc_column width=\u00a0\u00bb1\/2&Prime;][\/vc_column][\/vc_row]<\/p>\n","protected":false},"excerpt":{"rendered":"<p>[vc_row][vc_column width=\u00a0\u00bb1\/4&Prime;][\/vc_column][vc_column width=\u00a0\u00bb1\/4&Prime;][\/vc_column][vc_column width=\u00a0\u00bb1\/4&Prime;][\/vc_column][vc_column width=\u00a0\u00bb1\/4&Prime;][\/vc_column][\/vc_row][vc_row][vc_column width=\u00a0\u00bb1\/4&Prime;][\/vc_column][vc_column width=\u00a0\u00bb1\/4&Prime;][\/vc_column][vc_column width=\u00a0\u00bb1\/4&Prime;][\/vc_column][vc_column width=\u00a0\u00bb1\/4&Prime;][\/vc_column][\/vc_row][vc_row][vc_column width=\u00a0\u00bb1\/2&Prime;][vc_column_text]&nbsp; Intervention ENEDIS ENEDIS est le gestionnaire de r\u00e9seau \u00e9lectrique en France, \u00e0 ne pas confondre avec\u00a0EDF, [&hellip;]<\/p>\n","protected":false},"author":1,"featured_media":0,"parent":285,"menu_order":0,"comment_status":"closed","ping_status":"closed","template":"","meta":{"footnotes":""},"class_list":["post-292","page","type-page","status-publish","hentry"],"_links":{"self":[{"href":"http:\/\/www.lagrasse.fr\/index.php?rest_route=\/wp\/v2\/pages\/292"}],"collection":[{"href":"http:\/\/www.lagrasse.fr\/index.php?rest_route=\/wp\/v2\/pages"}],"about":[{"href":"http:\/\/www.lagrasse.fr\/index.php?rest_route=\/wp\/v2\/types\/page"}],"author":[{"embeddable":true,"href":"http:\/\/www.lagrasse.fr\/index.php?rest_route=\/wp\/v2\/users\/1"}],"replies":[{"embeddable":true,"href":"http:\/\/www.lagrasse.fr\/index.php?rest_route=%2Fwp%2Fv2%2Fcomments&post=292"}],"version-history":[{"count":11,"href":"http:\/\/www.lagrasse.fr\/index.php?rest_route=\/wp\/v2\/pages\/292\/revisions"}],"predecessor-version":[{"id":2293,"href":"http:\/\/www.lagrasse.fr\/index.php?rest_route=\/wp\/v2\/pages\/292\/revisions\/2293"}],"up":[{"embeddable":true,"href":"http:\/\/www.lagrasse.fr\/index.php?rest_route=\/wp\/v2\/pages\/285"}],"wp:attachment":[{"href":"http:\/\/www.lagrasse.fr\/index.php?rest_route=%2Fwp%2Fv2%2Fmedia&parent=292"}],"curies":[{"name":"wp","href":"https:\/\/api.w.org\/{rel}","templated":true}]}}